) = -q**2 - 3*q + 3. Let l be o(-5). Let a be r(l). Calculate the highest common factor of a and 63.
9
Let q = 22 - 18. Calculate the highest common divisor of 32 and q.
4
Suppose -4*b = -3*b. Suppose -f + 3*i = -0*i - 7, -2*f + i + 24 = b. Let x be 26/3*9/2. Calculate the greatest common divisor of x and f.
13
Let d be 7 + 2 + 0/(-2). Suppose 0*o = -2*o. Suppose 2*n - 4*n + 6 = o. What is the highest common divisor of n and d?
3
Suppose 4*x = 3*c + 32, 3*c + 5 = -3*x - 2*c. Suppose -453 = -x*y - 128. Calculate the highest common divisor of 13 and y.
13
Let l(u) = u**3 - 9*u**2 + u + 7. Let q be l(9). What is the highest common factor of q and 32?
16
Let d = -5 - -8. Suppose -3*t = 5*m - 14, 0 = -2*t - 4*m - d + 11. Calculate the greatest common divisor of t and 72.
8
Let y be (-4*1)/(2/6). Let j = 23 + y. Let w be ((-246)/(-4) - 1)*2. What is the greatest common divisor of w and j?
11
Let u be (0/2)/2 - -2. What is the greatest common divisor of 4 and u?
2
Let z be 2/(-1) - -2 - 50. Let q be z*(-1 - (-3)/5). Let m = -9 - -19. Calculate the greatest common divisor of m and q.
10
Let p(a) = -8*a - 1. Let c be p(-3). Let n = -9 + c. Calculate the highest common divisor of n and 126.
14
Let s be (-22)/(-33) + (-134)/(-6). Calculate the highest common divisor of s and 115.
23
Suppose -7*n - 22 + 78 = 0. Let k(s) be the third derivative of 2*s**4/3 + 2*s**2. Let c be k(1). Calculate the highest common divisor of c and n.
8
Let n(g) = g**3 + 4*g**2 - 5*g - 4. Let m be n(-3). Let q = 39 - m. What is the highest common factor of 19 and q?
19
Suppose 5 = a + 1. Suppose -5*n - 173 = -a*v - 19, -190 = -5*v + 5*n. Calculate the greatest common factor of 4 and v.
4
Suppose -o = 4*o - 20. Suppose o*w = -9 + 177. Suppose -4*y + 558 = -w. What is the greatest common divisor of 15 and y?
15
Suppose 5*b = 4*l - 0*b - 71, 2*l = -4*b + 16. Let p(t) = 36*t**2 - 4*t + 2. Let v be p(2). Let x = -26 + v. Calculate the highest common factor of x and l.
14
Let m be 0 + (0 - 1) + 10. Let i be 4/(-10) - 384/(-10). Let p = 7 + i. Calculate the greatest common divisor of p and m.
9
Let y(t) be the second derivative of -4*t**3/3 - 5*t**2/2 + t. Let c be y(-4). Let j be c + 1 + -10 + 7. Calculate the highest common factor of j and 275.
25
Let f(m) = m**3 + 7*m**2 + 7*m + 9. Let b be f(-6). Let y = 10 - b. Let l be (-6)/(-21) + 145/7. Calculate the greatest common factor of y and l.
7
Suppose 120 = 2*l + 3*l. Suppose -37 = -4*k - 3*h + 11, 2*h + 28 = 4*k. Suppose -15 - k = -2*s. Calculate the greatest common divisor of l and s.
12
Suppose d = 4*d - 90. What is the greatest common divisor of 20 and d?
10
Let b be (-57)/(15/(-6) + 1). What is the greatest common divisor of b and 57?
19
Let l(u) be the third derivative of 8*u**6/15 - u**5/30 + u**4/24 - 3*u**2. Let p be l(1). Calculate the highest common divisor of p and 9.
9
Suppose -2*p - 6 = 0, -2*j + 3*j = -5*p - 8. Let u(z) = z**2 - 2*z + 5. Let c be u(j). Suppose -c = -5*l + 50. What is the highest common factor of l and 3?
3
Suppose 4*y - 51 = 65. Let i(s) = -2*s + 91. Let t be i(-27). Calculate the highest common factor of y and t.
29
Suppose -3*j - 16 = -5*u, 0*j + u = 4*j - 7. Suppose -5 = -j*c - 2. What is the highest common divisor of 4 and c?
1
Suppose 6 - 1 = -5*i, -5 = -2*f - 5*i. Suppose -3*d = -f*d + 28. Calculate the highest common divisor of d and 112.
14
Suppose 17*a - 24 = 15*a. Let u(g) = 48*g**2 + g - 1. Let o be u(1). Calculate the highest common divisor of o and a.
12
Let x be 6/(-9) + (-119)/(-3). Let p = 15 + x. Let z(t) = 3*t. Let u be z(2). Calculate the greatest common factor of p and u.
6
Suppose -5 = -4*w + 235. Suppose 0*r = -3*r + w. Calculate the highest common divisor of 10 and r.
10
Let l be 234/15 - (-2)/5. Suppose 2*a = 5*n + 33, a - 5*n - 12 = 17. Calculate the greatest common divisor of a and l.
4
Let k(m) = -4*m. Let i be k(3). Let c = i - -44. Let w(f) = 3*f**2 + f + 2. Let q be w(2). What is the highest common factor of c and q?
16
Let x = -18 + 27. What is the highest common factor of x and 18?
9
Suppose 0 = -d + 5 - 4. Let v be (21/5)/(d/5). What is the greatest common factor of 14 and v?
7
Let w = 7 - 3. Suppose -w*k + 198 = -2*k. Let l = 17 + -6. What is the highest common divisor of l and k?
11
Suppose -i = -4*w + 453, -4*i = -2*w - i + 239. Let u be ((-5)/10)/((-1)/10). Suppose w = u*c - c. What is the highest common divisor of 4 and c?
4
Let s(o) = -o**3 + 7*o**2 - 4*o + 3. Let m be s(5). Calculate the greatest common divisor of 99 and m.
33
Suppose 3*a + 4*a = 84. What is the greatest common factor of a and 6?
6
Let y(d) = -d**3 - 5*d**2 + 4*d + 1. Let k be y(-5). Let f = 20 + k. Calculate the highest common divisor of f and 9.
1
Suppose -m + 3 = -14. Let l = m + -7. Let p = -4 + l. What is the greatest common divisor of 6 and p?
6
Suppose 11 = 2*a + 5. Suppose -18 = t - a*t. Let q be 14/(-1)*(-18)/4. Calculate the greatest common divisor of t and q.
9
Suppose -5*y = c + 8, -44 = -2*c + 2*y + 3*y. What is the greatest common factor of 60 and c?
12
Suppose 3*h - 39 = -6*a + 3*a, 5*a - 23 = -2*h. Let v(y) = 32*y - 6. Let m be v(4). Suppose 3*j = m - h. Calculate the greatest common factor of j and 90.
18
Suppose -2 = -w + 6. Calculate the highest common factor of w and 2.
2
Suppose -4*c = 2*j - 452, -2*c + 3*j = 3*c - 543. Let i = c - 72. Let o = -19 + i. Calculate the highest common factor of 30 and o.
10
Suppose 4*o - 16 = -4*h + 2*h, -44 = -4*h - 5*o. Let v be ((-6)/(-15))/(2/280). Let y = h + v. What is the highest common divisor of y and 9?
9
Let r(a) = -3*a - 24. Let t be r(-16). What is the greatest common factor of 264 and t?
24
Let k(t) = t**2 + 3*t - 4. Let f be k(-5). Suppose 0 = -m - 2*q + f*q + 70, 2*q = -8. Calculate the highest common divisor of m and 6.
6
Let a(w) = 8*w**2 + 8*w + 3. Let d be a(-4). What is the greatest common factor of d and 9?
9
Let o(l) = -26*l**3 - 2*l**2 + l. Let n be o(-2). Let z = 6 - -12. What is the greatest common factor of z and n?
18
Let s(i) = -3*i - 19. Let o be s(-11). What is the highest common factor of 2 and o?
2
Let k(l) = -2*l + 9. Let a be k(10). Let c = -8 - a. Suppose d + 0*d = -4*u + 82, 0 = -5*u + 4*d + 113. What is the greatest common divisor of c and u?
3
Let y(f) = 4*f + 21. Let q be y(0). What is the greatest common factor of 42 and q?
21
Let s(n) = -3*n + 31. Let o be s(7). What is the greatest common factor of 130 and o?
10
Let a = -4 - -12. Let u = 47 - 7. What is the highest common divisor of u and a?
8
Suppose 0 = -5*m + 20. Let d be 2844/102 - (-2)/17. Calculate the greatest common divisor of d and m.
4
Let z = 2 + 1. Suppose -14*q + 10*q + 120 = 0. Calculate the greatest common divisor of z and q.
3
Suppose -5*t + 86 = -4*i - 85, -5*t = 5*i - 180. Suppose 10 = -5*n - 10, -n - 39 = -5*l. Calculate the highest common divisor of l and t.
7
Let c = 36 - 22. Let b = 311 - 157. Calculate the highest common divisor of c and b.
14
Let i = -189 + 299. Suppose k = -2*q + 12, 3*k = 5*k - q - 49. What is the greatest common factor of i and k?
22
Suppose -j - 65 - 73 = 0. Let a = 60 - j. What is the highest common factor of 18 and a?
18
Suppose 6*t = 3*t. Let p be t/(-5) - (-1 - 0). Let h be p - 2*-1*22. What is the greatest common divisor of 9 and h?
9
Let r = 62 - 8. What is the highest common factor of 27 and r?
27
Let m = 8 + -5. Let z = m - -1. Suppose z*p + 19 = 5*u - 48, 5*u - 5*p = 70. Calculate the highest common divisor of u and 99.
11
Let q be (-23)/(-3) - 1/(-3). Let x(w) = -w**3 + 8*w**2 + 7*w - 8. Let s be x(q). Let m = s - 32. What is the greatest common factor of 112 and m?
16
Let u = 59 - 103. Let p = -24 - u. Calculate the highest common divisor of p and 8.
4
Suppose q + 14 - 32 = 0. Calculate the greatest common factor of q and 2.
2
Suppose 4*q - 17 = 51. Suppose 0 = -5*i - 4*m + q, 0*m - 4 = -2*i - 3*m. Let a = 9 - i. Calculate the highest common divisor of a and 4.
4
Let h be (0 + -14)*(-3)/6. What is the highest common factor of h and 7?
7
Suppose -5*d - v = -13, 2*d - 4 = -3*d + 2*v. Suppose -k + 44 = d*z - 18, 0 = 5*k + 3*z - 324. What is the greatest common factor of 6 and k?
6
Suppose 5*k = -2*c + 730, -452 = -3*k - 4*c - 0*c. Suppose -3*p = p - k. What is the highest common divisor of 24 and p